{"id":78,"date":"2024-08-08T02:40:29","date_gmt":"2024-08-08T02:40:29","guid":{"rendered":"http:\/\/source.wpopal.com\/recrutie\/blog\/"},"modified":"2025-10-03T16:45:48","modified_gmt":"2025-10-03T16:45:48","slug":"ofertas-laborales","status":"publish","type":"page","link":"https:\/\/lala.uy\/w\/ofertas-laborales\/","title":{"rendered":"Ofertas laborales"},"content":{"rendered":"\t\t<div data-elementor-type=\"wp-page\" data-elementor-id=\"78\" class=\"elementor elementor-78\">\n\t\t\t\t<div class=\"elementor-element elementor-element-280e3a2 e-flex e-con-boxed e-con e-parent\" data-id=\"280e3a2\" data-element_type=\"container\" data-e-type=\"container\">\n\t\t\t\t\t<div class=\"e-con-inner\">\n\t\t<div class=\"elementor-element elementor-element-4732420 e-con-full e-flex e-con e-child\" data-id=\"4732420\" data-element_type=\"container\" data-e-type=\"container\">\n\t\t\t\t<div class=\"elementor-element elementor-element-14ee2f6 elementor-grid-2 elementor-grid-mobile-1 elementor-pagination-style-1 elementor-widget elementor-widget-recrutie-post-grid\" data-id=\"14ee2f6\" data-element_type=\"widget\" data-e-type=\"widget\" data-settings=\"{&quot;column&quot;:&quot;2&quot;,&quot;column_mobile&quot;:&quot;1&quot;,&quot;column_spacing&quot;:{&quot;unit&quot;:&quot;px&quot;,&quot;size&quot;:41,&quot;sizes&quot;:[]}}\" data-widget_type=\"recrutie-post-grid.default\">\n\t\t\t\t<div class=\"elementor-widget-container\">\n\t\t\t\t\t        <div class=\"elementor-post-wrapper layout-post-style-1 recrutie-wrapper\">\n            <div class=\"recrutie-con\">\n                <div class=\"recrutie-con-inner elementor-grid\">\n                                            <div class=\"elementor-posts-item\">\n                                                            <article class=\"post-style-1\">\n    <div class=\"post-inner\">\n        <div class=\"post-image\">\n                    <\/div>\n        <div class=\"post-content\">\n            <div class=\"entry-meta\">\n                <div class=\"categories-link\"><span class=\"screen-reader-text\">Categories<\/span>\n\t<a href=\"https:\/\/lala.uy\/w\/category\/marketing\/\" rel=\"category tag\">Marketing<\/a>\n\t<a href=\"https:\/\/lala.uy\/w\/category\/performance\/\" rel=\"category tag\">Performance<\/a><\/div>               <\/div>\n            <div class=\"entry-content\">\n                <h3 class=\"entry-title\"><a href=\"https:\/\/lala.uy\/w\/product-owner-2\/\" rel=\"bookmark\">Product Owner<\/a><\/h3>                <div class=\"excerpt-content\">Se busca un(a) Product Owner con enfoque estrat\u00e9gico y orientaci\u00f3n a resultados, responsable de liderar la definici\u00f3n, priorizaci\u00f3n y evoluci\u00f3n de productos financieros, asegurando que las soluciones desarrolladas generen valor para la organizaci\u00f3n y sus&hellip;<\/div>\n            <\/div>\n            <div class=\"more-link-wrap\">\n                <a class=\"more-link\" href=\"https:\/\/lala.uy\/w\/product-owner-2\/\">\n                    Read More                <\/a>\n            <\/div>\n        <\/div>\n    <\/div>\n<\/article>\n                            \n                        <\/div>\n                                                <div class=\"elementor-posts-item\">\n                                                            <article class=\"post-style-1\">\n    <div class=\"post-inner\">\n        <div class=\"post-image\">\n                    <\/div>\n        <div class=\"post-content\">\n            <div class=\"entry-meta\">\n                <div class=\"categories-link\"><span class=\"screen-reader-text\">Categories<\/span>\n\t<a href=\"https:\/\/lala.uy\/w\/category\/marketing\/\" rel=\"category tag\">Marketing<\/a>\n\t<a href=\"https:\/\/lala.uy\/w\/category\/performance\/\" rel=\"category tag\">Performance<\/a><\/div>               <\/div>\n            <div class=\"entry-content\">\n                <h3 class=\"entry-title\"><a href=\"https:\/\/lala.uy\/w\/business-development-executive\/\" rel=\"bookmark\">Business Development Executive<\/a><\/h3>                <div class=\"excerpt-content\">Se busca un(a) Business Development Executive con perfil proactivo y orientado a resultados, responsable de identificar y generar oportunidades comerciales en el sector de consultor\u00eda de Inteligencia Artificial, apoyando el crecimiento de la empresa y&hellip;<\/div>\n            <\/div>\n            <div class=\"more-link-wrap\">\n                <a class=\"more-link\" href=\"https:\/\/lala.uy\/w\/business-development-executive\/\">\n                    Read More                <\/a>\n            <\/div>\n        <\/div>\n    <\/div>\n<\/article>\n                            \n                        <\/div>\n                                                <div class=\"elementor-posts-item\">\n                                                            <article class=\"post-style-1\">\n    <div class=\"post-inner\">\n        <div class=\"post-image\">\n                    <\/div>\n        <div class=\"post-content\">\n            <div class=\"entry-meta\">\n                <div class=\"categories-link\"><span class=\"screen-reader-text\">Categories<\/span>\n\t<a href=\"https:\/\/lala.uy\/w\/category\/marketing\/\" rel=\"category tag\">Marketing<\/a>\n\t<a href=\"https:\/\/lala.uy\/w\/category\/performance\/\" rel=\"category tag\">Performance<\/a><\/div>               <\/div>\n            <div class=\"entry-content\">\n                <h3 class=\"entry-title\"><a href=\"https:\/\/lala.uy\/w\/data-scientist\/\" rel=\"bookmark\">Data Scientist<\/a><\/h3>                <div class=\"excerpt-content\">Se busca un(a) Data Scientist con perfil t\u00e9cnico y anal\u00edtico, responsable de desarrollar modelos predictivos, an\u00e1lisis avanzados y soluciones basadas en datos que impulsen la eficiencia y la innovaci\u00f3n en la instituci\u00f3n financiera.<\/div>\n            <\/div>\n            <div class=\"more-link-wrap\">\n                <a class=\"more-link\" href=\"https:\/\/lala.uy\/w\/data-scientist\/\">\n                    Read More                <\/a>\n            <\/div>\n        <\/div>\n    <\/div>\n<\/article>\n                            \n                        <\/div>\n                                                <div class=\"elementor-posts-item\">\n                                                            <article class=\"post-style-1\">\n    <div class=\"post-inner\">\n        <div class=\"post-image\">\n                    <\/div>\n        <div class=\"post-content\">\n            <div class=\"entry-meta\">\n                <div class=\"categories-link\"><span class=\"screen-reader-text\">Categories<\/span>\n\t<a href=\"https:\/\/lala.uy\/w\/category\/marketing\/\" rel=\"category tag\">Marketing<\/a>\n\t<a href=\"https:\/\/lala.uy\/w\/category\/performance\/\" rel=\"category tag\">Performance<\/a><\/div>               <\/div>\n            <div class=\"entry-content\">\n                <h3 class=\"entry-title\"><a href=\"https:\/\/lala.uy\/w\/ingenieroa-de-datos\/\" rel=\"bookmark\">Ingeniero(a) de Datos<\/a><\/h3>                <div class=\"excerpt-content\">Se busca un(a) Ingeniero(a) de Datos con s\u00f3lido background tecnol\u00f3gico, responsable de dise\u00f1ar, desarrollar y optimizar las arquitecturas y procesos de datos que soportan las decisiones estrat\u00e9gicas y operativas de una importante instituci\u00f3n financiera.<\/div>\n            <\/div>\n            <div class=\"more-link-wrap\">\n                <a class=\"more-link\" href=\"https:\/\/lala.uy\/w\/ingenieroa-de-datos\/\">\n                    Read More                <\/a>\n            <\/div>\n        <\/div>\n    <\/div>\n<\/article>\n                            \n                        <\/div>\n                                                <div class=\"elementor-posts-item\">\n                                                            <article class=\"post-style-1\">\n    <div class=\"post-inner\">\n        <div class=\"post-image\">\n                    <\/div>\n        <div class=\"post-content\">\n            <div class=\"entry-meta\">\n                <div class=\"categories-link\"><span class=\"screen-reader-text\">Categories<\/span>\n\t<a href=\"https:\/\/lala.uy\/w\/category\/marketing\/\" rel=\"category tag\">Marketing<\/a>\n\t<a href=\"https:\/\/lala.uy\/w\/category\/performance\/\" rel=\"category tag\">Performance<\/a><\/div>               <\/div>\n            <div class=\"entry-content\">\n                <h3 class=\"entry-title\"><a href=\"https:\/\/lala.uy\/w\/head-of-sales\/\" rel=\"bookmark\">Head of Sales<\/a><\/h3>                <div class=\"excerpt-content\">Se busca un(a) Head of Sales con liderazgo comercial y visi\u00f3n estrat\u00e9gica, responsable de definir, ejecutar y escalar la estrategia de ventas en Argentina y Chile, impulsando el crecimiento sostenible del negocio y consolidando la&hellip;<\/div>\n            <\/div>\n            <div class=\"more-link-wrap\">\n                <a class=\"more-link\" href=\"https:\/\/lala.uy\/w\/head-of-sales\/\">\n                    Read More                <\/a>\n            <\/div>\n        <\/div>\n    <\/div>\n<\/article>\n                            \n                        <\/div>\n                                                <div class=\"elementor-posts-item\">\n                                                            <article class=\"post-style-1\">\n    <div class=\"post-inner\">\n        <div class=\"post-image\">\n                    <\/div>\n        <div class=\"post-content\">\n            <div class=\"entry-meta\">\n                <div class=\"categories-link\"><span class=\"screen-reader-text\">Categories<\/span>\n\t<a href=\"https:\/\/lala.uy\/w\/category\/brand-manager\/\" rel=\"category tag\">Brand Manager<\/a><\/div>               <\/div>\n            <div class=\"entry-content\">\n                <h3 class=\"entry-title\"><a href=\"https:\/\/lala.uy\/w\/brand-manager\/\" rel=\"bookmark\">Brand Manager<\/a><\/h3>                <div class=\"excerpt-content\">Se busca un(a) Brand Manager para reconocida Compa\u00f1\u00eda multinacional del rubro financiero. Una persona estrat\u00e9gico(a) y creativo(a), responsable de desarrollar, implementar y gestionar estrategias de marca que fortalezcan el posicionamiento, reputaci\u00f3n y percepci\u00f3n de la&hellip;<\/div>\n            <\/div>\n            <div class=\"more-link-wrap\">\n                <a class=\"more-link\" href=\"https:\/\/lala.uy\/w\/brand-manager\/\">\n                    Read More                <\/a>\n            <\/div>\n        <\/div>\n    <\/div>\n<\/article>\n                            \n                        <\/div>\n                                                <div class=\"elementor-posts-item\">\n                                                            <article class=\"post-style-1\">\n    <div class=\"post-inner\">\n        <div class=\"post-image\">\n                    <\/div>\n        <div class=\"post-content\">\n            <div class=\"entry-meta\">\n                <div class=\"categories-link\"><span class=\"screen-reader-text\">Categories<\/span>\n\t<a href=\"https:\/\/lala.uy\/w\/category\/digital-marketing-analyst\/\" rel=\"category tag\">Digital Marketing Analyst<\/a><\/div>               <\/div>\n            <div class=\"entry-content\">\n                <h3 class=\"entry-title\"><a href=\"https:\/\/lala.uy\/w\/digital-marketing-analyst\/\" rel=\"bookmark\">Digital Marketing Analyst<\/a><\/h3>                <div class=\"excerpt-content\">Se busca un(a) Digital Marketing Analyst para empresa Fintech con presencia regional y en etapa de expansi\u00f3n. Buscamos una persona orientado(a) a resultados, con capacidad anal\u00edtica y pasi\u00f3n por el crecimiento digital, para apoyar en&hellip;<\/div>\n            <\/div>\n            <div class=\"more-link-wrap\">\n                <a class=\"more-link\" href=\"https:\/\/lala.uy\/w\/digital-marketing-analyst\/\">\n                    Read More                <\/a>\n            <\/div>\n        <\/div>\n    <\/div>\n<\/article>\n                            \n                        <\/div>\n                                                <div class=\"elementor-posts-item\">\n                                                            <article class=\"post-style-1\">\n    <div class=\"post-inner\">\n        <div class=\"post-image\">\n                    <\/div>\n        <div class=\"post-content\">\n            <div class=\"entry-meta\">\n                <div class=\"categories-link\"><span class=\"screen-reader-text\">Categories<\/span>\n\t<a href=\"https:\/\/lala.uy\/w\/category\/tech-lead\/\" rel=\"category tag\">Tech Lead<\/a><\/div>               <\/div>\n            <div class=\"entry-content\">\n                <h3 class=\"entry-title\"><a href=\"https:\/\/lala.uy\/w\/tech-lead\/\" rel=\"bookmark\">Tech Lead<\/a><\/h3>                <div class=\"excerpt-content\">Se busca un(a) Tech Lead para una Scale-up company de Tecnolog\u00eda, con s\u00f3lida experiencia t\u00e9cnica y liderazgo, capaz de guiar al equipo de desarrollo en la creaci\u00f3n de soluciones de inteligencia artificial de alto impacto,&hellip;<\/div>\n            <\/div>\n            <div class=\"more-link-wrap\">\n                <a class=\"more-link\" href=\"https:\/\/lala.uy\/w\/tech-lead\/\">\n                    Read More                <\/a>\n            <\/div>\n        <\/div>\n    <\/div>\n<\/article>\n                            \n                        <\/div>\n                                        <\/div>\n            <\/div>\n                                <\/div>\n        \t\t\t\t<\/div>\n\t\t\t\t<\/div>\n\t\t\t\t<\/div>\n\t\t\t\t\t<\/div>\n\t\t\t\t<\/div>\n\t\t\t\t<\/div>\n\t\t","protected":false},"excerpt":{"rendered":"<p>Categories Brand Manager Brand Manager Se busca un(a) Brand Manager para reconocida Compa\u00f1\u00eda multinacional del rubro financiero. Una persona estrat\u00e9gico(a) y creativo(a), responsable de desarrollar, implementar y gestionar estrategias de marca que fortalezcan el posicionamiento, reputaci\u00f3n y percepci\u00f3n de la&hellip; Read More Categories Business Development Manager Business Development Manager Se busca un(a) Business Development Manager [&hellip;]<\/p>\n","protected":false},"author":1,"featured_media":0,"parent":0,"menu_order":0,"comment_status":"closed","ping_status":"closed","template":"","meta":{"footnotes":""},"class_list":["post-78","page","type-page","status-publish","hentry"],"_links":{"self":[{"href":"https:\/\/lala.uy\/w\/wp-json\/wp\/v2\/pages\/78","targetHints":{"allow":["GET"]}}],"collection":[{"href":"https:\/\/lala.uy\/w\/wp-json\/wp\/v2\/pages"}],"about":[{"href":"https:\/\/lala.uy\/w\/wp-json\/wp\/v2\/types\/page"}],"author":[{"embeddable":true,"href":"https:\/\/lala.uy\/w\/wp-json\/wp\/v2\/users\/1"}],"replies":[{"embeddable":true,"href":"https:\/\/lala.uy\/w\/wp-json\/wp\/v2\/comments?post=78"}],"version-history":[{"count":66,"href":"https:\/\/lala.uy\/w\/wp-json\/wp\/v2\/pages\/78\/revisions"}],"predecessor-version":[{"id":3945,"href":"https:\/\/lala.uy\/w\/wp-json\/wp\/v2\/pages\/78\/revisions\/3945"}],"wp:attachment":[{"href":"https:\/\/lala.uy\/w\/wp-json\/wp\/v2\/media?parent=78"}],"curies":[{"name":"wp","href":"https:\/\/api.w.org\/{rel}","templated":true}]}}